 30 = 2*u. What are the prime factors of u?
3, 5
Let w = 0 + 2. What are the prime factors of 36 + w/1*1?
2, 19
Suppose -c - 4*c + 55 = 0. What are the prime factors of c?
11
List the prime factors of (-4)/(-12) + 328/6.
5, 11
Let m(o) = -o**3 - 17*o**2 + 15*o - 9. Let y = 15 + -33. What are the prime factors of m(y)?
3, 5
Suppose -t + 68 = 27. List the prime factors of t.
41
Let p = 7 - 0. Suppose p*d = 2*d + 100. What are the prime factors of d?
2, 5
Let l = -73 - -139. What are the prime factors of l?
2, 3, 11
Suppose 3*a - 28 = -7. Suppose 1 - a = -u - 4*m, -2*m = 4*u + 46. List the prime factors of 30/7 - (-4)/u.
2
Let r be 10*(2 + 3 + -3). Let b = r - 4. List the prime factors of b.
2
Let f(o) = -3*o - 31. List the prime factors of f(-18).
23
Suppose -12*q + 391 = -1709. List the prime factors of q.
5, 7
Let k(t) = -t + 9. Let a be k(7). Let r(s) = 2*s - 6 - 2*s**a + 8*s + s**2. List the prime factors of r(7).
3, 5
Let o(q) = -9*q - 7. Let i = 4 - 9. List the prime factors of o(i).
2, 19
Let u = -3 + 7. List the prime factors of 1/u + 31/4.
2
Suppose 6*l - 404 = 196. What are the prime factors of l?
2, 5
Let f be (-9)/(-2) + 3/(-6). Suppose -f*g = 2*g - 186. List the prime factors of g.
31
Let f be 6/1 + (0 - 2). Suppose -n + o + 1 = -7, -f*n = 4*o. Suppose 7*v = n*a + 2*v - 63, -v = 3. What are the prime factors of a?
2, 3
Suppose -2*d + 21 = s + 4*s, 0 = -3*d + 3*s + 42. Let n = 34 - d. List the prime factors of n.
3, 7
Let j(f) = 3*f**2 - 3*f + 2*f - f**2 - 2 + f**3. Let z be j(2). Let m = z - 2. What are the prime factors of m?
2, 5
Let g(b) = -1. Let s(l) = 15*l + 3. Let m(z) = 6*g(z) + s(z). What are the prime factors of m(2)?
3
What are the prime factors of 1526/8 + 4 + (-6)/8?
2, 97
Let z(t) = -t + 5. Let f be z(4). Suppose a - 3*c - 28 = 2*c, 4*c = -a + f. List the prime factors of a.
13
Suppose 2*n - 12 = 6. What are the prime factors of n?
3
Let z(l) = -4*l + 76. What are the prime factors of z(-24)?
2, 43
Suppose 8 = 2*a, 0*a - 2*a + 122 = 2*y. Suppose 6*z - y = 5*z. List the prime factors of z.
3, 19
Suppose 88 = 6*m - 2*m. What are the prime factors of m?
2, 11
Let m = -13 + 8. Let l = m - -18. List the prime factors of l.
13
Let q be (-153)/(-15) + (-1)/5. Suppose -2*j = 3*j - q. List the prime factors of j.
2
Suppose 0 = 4*h - 2*b - 2*b - 152, h - 3*b - 32 = 0. List the prime factors of h.
41
Suppose -4*p - 2*i + 340 = p, 0 = 2*p - 2*i - 122. List the prime factors of p.
2, 3, 11
Suppose 2*c + 6 = 2*b - c, -b = -2*c - 5. Let v(j) = -15*j + 3. Let t be v(b). Suppose 3*l - t = 6. What are the prime factors of l?
2, 3
Let n be (-4 - -1)/1 + 3. Suppose 4*c = 20, n = 3*j - 5*c + 4 + 12. List the prime factors of j.
3
Suppose -4*t = -8*t + 260. What are the prime factors of t?
5, 13
Let a be 4/8 - (-9)/2. What are the prime factors of 5*(-2 - (-12)/a)?
2
Let q be ((-3)/(-4))/(6/(-24)). Let w be (q + 1)/(3 - 1). List the prime factors of (-7 - -7) + 3 + w.
2
Suppose 0 = 4*o + 3*d - 8 + 25, 4*o + 11 = -d. List the prime factors of o/(-7) - (-1496)/56.
3
Suppose 0 = 4*z - 4*x + 128, -5*z - x - 67 = 69. Let j = z + 43. Let h = j + -4. What are the prime factors of h?
11
Let d be (1/(-2))/(3/(-6)). Suppose 2 = n + d. Let o = 1 + n. List the prime factors of o.
2
Let k be (-1 - (0 + 2))*-1. Suppose 5*o - 2*s - 49 = 0, -k*s = -4*o - s + 38. What are the prime factors of o?
11
Suppose -4*v + 2*v = 0. Suppose 3*j - 2*s - 14 = 0, -s = j - v*j - 13. What are the prime factors of j?
2
Let r(p) = 2*p**2 + p - 14. List the prime factors of r(6).
2
Suppose -3*h - 5*i = -16, -h + 2*i - 6 = -2*i. Let c(p) = p - 1. Let u be c(h). Suppose -2 = -o + u. List the prime factors of o.
3
Let g be 3*(2/3)/1. Suppose 5*m + p - 80 = -g*p, -2*m = -4*p - 32. List the prime factors of m.
2
Let i(f) be the second derivative of -f**3/3 - 11*f**2/2 - f. Let b be i(-8). Suppose z + k - b = 0, -5*z - 1 = 4*k - 23. What are the prime factors of z?
2
Let g = -12 - -35. Let b = g + 7. What are the prime factors of b?
2, 3, 5
Let c be 5/5 - (-4 + 1). List the prime factors of (75/(-6))/((-2)/c).
5
List the prime factors of 53 - (-1 + 4 + -3).
53
Suppose -4*x + 177 = -5*s, -81 = -2*x - 4*s + 5*s. What are the prime factors of x?
2, 19
Suppose -2 = 2*a - 4*w + 8, 0 = a - 5*w + 20. Suppose 4 = -a*q + 6*q. Suppose -5 = -q*g + 43. What are the prime factors of g?
2, 3
Let l(v) = v**3 + 8*v**2 - 9*v + 3. Let h = -27 + 18. Let x be l(h). Suppose -2*f + x*s + 2 + 1 = 0, 10 = 4*f - 2*s. List the prime factors of f.
3
Let t(g) = 50*g**2 - g. What are the prime factors of t(-1)?
3, 17
Suppose -89 = 6*w - 311. List the prime factors of w.
37
Suppose -4*k + n - 6*n + 26 = 0, -4*k = -5*n - 6. Let m(o) = o - 4*o - k*o. List the prime factors of m(-1).
7
What are the prime factors of 49/4 + 2/(-8)?
2, 3
Suppose 9 = -2*i + 53. List the prime factors of i.
2, 11
Let d be -2*(2 - 15/6). Suppose 5*t = -d + 66. Let k = 22 - t. What are the prime factors of k?
3
Let y be 2*1 - (0 + -2). Let f = 39 + -29. Suppose 2*s - f = -4*h, -h + y*s - 2 = -18. List the prime factors of h.
2
List the prime factors of 44/((-2 - 0)/(-1)).
2, 11
Suppose 3*w + 3*b = -0*b - 21, -4*b - 16 = 0. Let d be (-4)/(1/(5/(-2))). Let y = w + d. What are the prime factors of y?
7
Suppose -4*w + 2*r + 368 - 74 = 0, 5*w = r + 375. What are the prime factors of w?
2, 19
Let s(z) = z**3 - 4*z**2 + 2*z - 6. What are the prime factors of s(4)?
2
Let k = 16 + 22. List the prime factors of k.
2, 19
Let j(k) = k**2 + 3*k. Let c be j(7). Let b = -48 + c. List the prime factors of b.
2, 11
Let x be 0 - 8/12*-9. Let b(g) = 7*g - 5. What are the prime factors of b(x)?
37
Suppose 0*c - s = -3*c + 172, 3*c = -s + 164. List the prime factors of c.
2, 7
Let b(w) = -w**3 - 6*w**2 + 2*w - 3. Let m be b(-6). Let j = 26 + m. What are the prime factors of j?
11
Let y(h) = h**3 + 6*h**2 - 2*h - 9. Let t be y(-6). Suppose -1 = -t*d + 8. Suppose -d*g - 2*p + 46 = -0*p, -19 = -2*g + p. What are the prime factors of g?
2, 3
Suppose t - 8 = -s, -3 = -3*s + t + 13. Suppose -27 = 4*p - 7*p + 2*j, 2*j = s. What are the prime factors of p?
11
Suppose 0 = -r + 3*l - 2 - 2, -8 = 2*r + l. List the prime factors of (r/(-6))/(1/3).
2
Suppose -2*r - 4 = 2*r. What are the prime factors of (-40)/(-16) - r/2?
3
Suppose -3*h - 4*x = 8, 2*h - x = 2*x + 23. List the prime factors of (-5)/(-4)*h*7.
5, 7
Suppose -4*k - 23 = -r, 0*r - 15 = 3*k - 3*r. List the prime factors of (3 - k/(-3)) + 9.
2, 5
Suppose -2*m + 0*z + 142 = 2*z, -3*m + 4*z = -178. Let d = m + 138. List the prime factors of ((-4)/(-6))/(8/d).
17
Let f(t) be the second derivative of 6*t**5/5 - t**3/3 + t**2/2 + 3*t. What are the prime factors of f(1)?
23
Suppose -5*x - 5*r + 9*r = -814, 4*x - 652 = 4*r. What are the prime factors of x?
2, 3
Let x(f) = 2*f + 3. List the prime factors of x(9).
3, 7
Let h(m) = 2*m + 2. Let l be h(-5). Suppose -5*o + 22 = -48. What are the prime factors of (-14 - -10)*o/l?
7
Let s(m) = -m**2 + 5*m + 6. Let g be s(6). Suppose a - 5*a + 4 = 4*o, g = -2*o - 8. Suppose -6*z + 2 = -a*z. What are the prime factors of z?
2
Let p be -1*(-3 + 0 + 1). Suppose -p*x = -3*x + 1. Suppose -n + x = -1. List the prime factors of n.
2
Let r(q) = q**3 + 7*q**2 - q - 2. Let b be r(-7). Let g = 26 - b. List the prime factors of g.
3, 7
Let g(s) = s + 15. Let b(q) = -3*q + 6. Let m = -1 + 6. Let o be b(m). List the prime factors of g(o).
2, 3
Let i = -36 - -63. Let j = i - 17. List the prime factors of j.
2, 5
Let t(b) = b + 3. Let n be t(-3). Suppose 3*q = 4*q + 5, 0 = 3*r - 4*q - 128. Suppose n*p = 3*p - r. List the prime factors of p.
2, 3
Let u = 15 + 44. List the prime factors of u.
59
Let o(j) = -10*j - 1. List the prime factors of o(-1).
3
Let p(c) = 4*c**3 - c**2 + 1. Suppose -g + h - 1 = -5, 5*h = -2*g + 15. Let q(l) = l - 4. Let z be q(g). What are the prime factors of p(z)?
2
Let h(b) = -b**3 + 6*b**2 - 5*b. Let i be h(5). Suppose 3*o + 3*a - 45 = i, -2*o + 25 = -a + 2*a. What are the prime factors of o?
2, 5
Let y = -254 + 499. What are the prime factors of y?
5, 7
Let n(y) = -y**2 - 11*y - 6. Let w = 15 - 21. Let z be n(w). Suppose 2*k = 4*k - z. List the prime factors of k.
2, 3
Let d(g) = g + 5. Let y be 0 + 2*(0 + -1). Let x be 2 - ((-30)/3)/y. What are the prime factor